te number?
True
Is 603673 a composite number?
True
Is 10133 prime?
True
Is 629 a prime number?
False
Is 11197 prime?
True
Is 25693 prime?
True
Is 469021 composite?
True
Is 1517 a composite number?
True
Is 12319 a prime number?
False
Is 48937 a composite number?
True
Is 42641 prime?
True
Is 11183 prime?
False
Is 7121 composite?
False
Is 11054 composite?
True
Is 677911 composite?
True
Is 35797 composite?
False
Is 18041 a composite number?
False
Is 500777 a prime number?
True
Is 7393 composite?
False
Is 80107 prime?
True
Is 154523 composite?
False
Is 2539 a composite number?
False
Is 237 composite?
True
Is 189087 prime?
False
Is 2759 a composite number?
True
Is 1154035 composite?
True
Is 83279 prime?
False
Is 38882 composite?
True
Is 12067 composite?
True
Is 1592701 a composite number?
True
Is 277961 a composite number?
False
Is 116141 a composite number?
False
Is 9613 composite?
False
Is 852881 prime?
True
Is 9413 prime?
True
Is 1763579 a prime number?
True
Is 157007 prime?
True
Is 32597 prime?
False
Is 10007 a prime number?
True
Is 6247 a prime number?
True
Is 772453 prime?
False
Is 1115662 a composite number?
True
Is 756685 a prime number?
False
Is 538621 composite?
False
Is 47041 a prime number?
True
Is 70046 a composite number?
True
Is 28537 a prime number?
True
Is 59005 prime?
False
Is 19531 a composite number?
False
Is 380983 composite?
False
Is 21977 a composite number?
False
Is 1586939 prime?
True
Is 19903 a prime number?
False
Is 160117 prime?
True
Is 18169 a composite number?
False
Is 52179 prime?
False
Is 17707 a prime number?
True
Is 795449 composite?
False
Is 166519 a composite number?
True
Is 728659 a composite number?
False
Is 57611 a prime number?
False
Is 9961 prime?
False
Is 11017 composite?
True
Is 4931 prime?
True
Is 7233 a prime number?
False
Is 70333 composite?
True
Is 1459153 composite?
False
Is 31367 a prime number?
False
Is 6467 a composite number?
True
Is 520889 a prime number?
True
Is 26557 a composite number?
False
Is 487 a composite number?
False
Is 2661 a prime number?
False
Is 19067 prime?
False
Is 9277 a prime number?
True
Is 596303 prime?
False
Is 1347065 prime?
False
Is 20063 composite?
False
Is 21727 a composite number?
False
Is 3755 composite?
True
Is 466315 a prime number?
False
Is 707477 a composite number?
True
Is 4699 a prime number?
False
Is 157507 prime?
False
Is 255479 a composite number?
True
Is 484501 a prime number?
False
Is 47911 a composite number?
False
Is 5227 a prime number?
True
Is 451865 a composite number?
True
Is 86833 a prime number?
False
Is 33679 prime?
True
Is 515857 prime?
True
Is 140861 a prime number?
False
Is 7319 a composite number?
True
Is 30857 a prime number?
False
Is 4989 a prime number?
False
Is 31009 prime?
False
Is 301 a prime number?
False
Is 49001 a composite number?
True
Is 23977 a composite number?
False
Is 137887 prime?
False
Is 2351 prime?
True
Is 4399 a prime number?
False
Is 2203 prime?
True
Is 12343 a prime number?
True
Is 10559 prime?
True
Is 342467 a composite number?
False
Is 17159 prime?
True
Is 3737 a composite number?
True
Is 43037 prime?
True
Is 1749797 a prime number?
False
Is 7907 a composite number?
False
Is 279751 prime?
True
Is 117961 a prime number?
False
Is 3909283 a composite number?
True
Is 177 a prime number?
False
Is 3691 a composite number?
False
Is 269513 prime?
True
Is 16973 prime?
False
Is 81061 composite?
True
Is 1619297 composite?
True
Is 133109 a composite number?
False
Is 206167 prime?
False
Is 18617 a prime number?
True
Is 83209 composite?
True
Is 121013 prime?
True
Is 136057 prime?
True
Is 2777 prime?
True
Is 381163 prime?
False
Is 115831 a composite number?
False
Is 18454 composite?
True
Is 92107 a composite number?
False
Is 851 a prime number?
False
Is 2705 a composite number?
True
Is 673 prime?
True
Is 14029 a prime number?
True
Is 10567 a composite number?
False
Is 4169 a prime number?
False
Is 185653 a composite number?
True
Is 7297 a composite number?
False
Is 82807 a prime number?
False
Is 31511 prime?
True
Is 16351 a composite number?
True
Is 47933 prime?
True
Is 1707 a composite number?
True
Is 48611 a prime number?
True
Is 253133 composite?
False
Is 85673 prime?
False
Is 62231 composite?
True
Is 23459 a composite number?
False
Is 1637 a composite number?
False
Is 55073 a composite number?
False
Is 66683 a prime number?
True
Is 20803 prime?
False
Is 58963 a prime number?
True
Is 63034 prime?
False
Is 209923 a composite number?
True
Is 943 a composite number?
True
Is 1818761 a prime number?
False
Is 8467 a prime number?
True
Is 19571 prime?
True
Is 25813 composite?
True
Is 706763 composite?
False
Is 6098 a composite number?
True
Is 127963 a prime number?
False
Is 19157 prime?
True
Is 2204687 composite?
False
Is 157565 prime?
False
Is 214 prime?
False
Is 113891 a composite number?
False
Is 24355 composite?
True
Is 59897 composite?
True
Is 5749 a composite number?
False
Is 5351 prime?
True
Is 1500007 a prime number?
True
Is 1361 composite?
False
Is 172239 a composite number?
True
Is 5701 a composite number?
False
Is 351553 a prime number?
False
Is 33703 a composite number?
False
Is 31627 composite?
False
Is 25147 prime?
True
Is 50821 composite?
False
Is 54118 a prime number?
False
Is 722213 composite?
False
Is 526 composite?
True
Is 417617 prime?
True
Is 15545 composite?
True
Is 559121 prime?
False
Is 85795 composite?
True
Is 1110343 a composite number?
True
Is 132887 prime?
True
Is 30949 prime?
True
Is 179939 a composite number?
False
Is 470291 prime?
False
Is 88449 a prime number?
False
Is 2641 composite?
True
Is 19949 composite?
False
Is 21233 a composite number?
True
Is 7111 a prime number?
False
Is 17359 composite?
False
Is 755009 composite?
False
Is 347 composite?
False
Is 11027 prime?
True
Is 5711 a composite number?
False
Is 2999 composite?
False
Is 2627 prime?
False
Is 129494 prime?
False
Is 2935 prime?
False
Is 27263 a composite number?
True
Is 26621 a prime number?
False
Is 72682 prime?
False
Is 1094 composite?
True
Is 5141 prime?
False
Is 40081 a composite number?
True
Is 5179 a prime number?
True
Is 22331 a composite number?
True
Is 16729 a prime number?
True
Is 101009 composite?
False
Is 40693 prime?
True
Is 17443 prime?
True
Is 7229569 a composite number?
False
Is 5247121 a prime number?
False
Is 4319 a composite number?
True
Is 22426 prime?
False
Is 2697757 composite?
False
Is 7639 prime?
True
Is 335 a prime number?
False
Is 275089 composite?
True
Is 291835 a prime number?
False
Is 129671 a composite number?
False
Is 7603 prime?
True
Is 655987 prime?
True
Is 77 a composite number?
True
Is 132191 composite?
True
Is 155 prime?
False
Is 5809 composite?
True
Is 10529 prime?
True
Is 86501 prime?
True
Is 2153981 prime?
True
Is 12817 composite?
True
Is 135295 a composite number?
True
Is 111577 prime?
True
Is 20837 prime?
False
Is 331063 composite?
False
Is 23081 composite?
False
Is 133013 composite?
False
Is 788651 a composite number?
False
Is 1630243 a prime number?
True
Is 106591 a composite number?
False
Is 919 prime?
True
Is 104579 prime?
True
Is 7663 composite?
True
Is 16087 a prime number?
True
Is 514669 a prime number?
True
Is 209999 composite?
True
Is 246866 composite?
True
Is 2301079 composite?
True
Is 51 a prime number?
False
Is 965369 a composite number?
False
Is 12223 prime?
False
Is 10301 a prime number?
True
Is 23623 prime?
True
Is 2555089 composite?
False
Is 9157 a prime number?
True
Is 217717 composite?
False
Is 13649 prime?
True
Is 20441 a composite number?
False
Is 582203 a prime number?
True
Is 128431 composite?
False
Is 31289 composite?
True
Is 36131 a composite number?
False
Is 77137 prime?
True
Is 285421 composite?
False
Is 188663 prime?
False
Is 1033001 a prime number?
True
Is 259881 a composite number?
True
Is 41939 composite?
True
Is 1059433 prime?
True
Is 1574 prime?
False
Is 7071 prime?
False
Is 34543 a prime number?
True
Is 208739 prime?
True
Is 14939 prime?
True
Is 18119 composite?
False
Is 1973 a composite number?
False
Is 673327 prime?
True
Is 17011 a prime number?
True
Is 186551 composite?
False
Is 21701 composite?
False
Is 22177 composite?
True
Is 5981 a prime number?
True
Is 79603 a composite number?
True
Is 1900079 a composite number?
False
Is 19289 composite?
False
Is 9809 a composite